{"id":2247,"date":"2021-04-13T18:23:48","date_gmt":"2021-04-13T18:23:48","guid":{"rendered":"http:\/\/dr-hermann-walz.de\/?page_id=2247"},"modified":"2024-02-08T07:29:53","modified_gmt":"2024-02-08T07:29:53","slug":"elementor-2247","status":"publish","type":"page","link":"https:\/\/dr-hermann-walz.de\/?page_id=2247","title":{"rendered":"Hinweis2"},"content":{"rendered":"\t\t<div data-elementor-type=\"wp-page\" data-elementor-id=\"2247\" class=\"elementor elementor-2247\" data-elementor-settings=\"[]\">\n\t\t\t\t\t\t<div class=\"elementor-inner\">\n\t\t\t\t\t\t\t<div class=\"elementor-section-wrap\">\n\t\t\t\t\t\t\t<section class=\"elementor-section elementor-top-section elementor-element elementor-element-1828aef elementor-section-boxed elementor-section-height-default elementor-section-height-default\" data-id=\"1828aef\" data-element_type=\"section\">\n\t\t\t\t\t\t<div class=\"elementor-container elementor-column-gap-default\">\n\t\t\t\t\t\t\t<div class=\"elementor-row\">\n\t\t\t\t\t<div class=\"elementor-column elementor-col-100 elementor-top-column elementor-element elementor-element-56d058a\" data-id=\"56d058a\" data-element_type=\"column\">\n\t\t\t<div class=\"elementor-column-wrap elementor-element-populated\">\n\t\t\t\t\t\t\t<div class=\"elementor-widget-wrap\">\n\t\t\t\t\t\t<div class=\"elementor-element elementor-element-bc960b9 elementor-widget elementor-widget-text-editor\" data-id=\"bc960b9\" data-element_type=\"widget\" data-widget_type=\"text-editor.default\">\n\t\t\t\t<div class=\"elementor-widget-container\">\n\t\t\t\t\t<div class=\"elementor-text-editor elementor-clearfix\"><p>Zahnreinigungen f\u00fchren wir wieder durch. <br><\/p>\n<p>Da&nbsp; unsere Kapazit\u00e4ten begrenzt sind, <br><\/p>\n<p>bitten wir Sie um Verst\u00e4ndnis f\u00fcr einen l\u00e4ngeren Terminvorlauf.<\/p>\n<p><br><\/p><\/div>\n\t\t\t\t<\/div>\n\t\t\t\t<\/div>\n\t\t\t\t\t\t<\/div>\n\t\t\t\t\t<\/div>\n\t\t<\/div>\n\t\t\t\t\t\t\t\t<\/div>\n\t\t\t\t\t<\/div>\n\t\t<\/section>\n\t\t\t\t\t\t<\/div>\n\t\t\t\t\t\t<\/div>\n\t\t\t\t\t<\/div>\n\t\t","protected":false},"excerpt":{"rendered":"<p>Zahnreinigungen f\u00fchren wir wieder durch. Da&nbsp; unsere Kapazit\u00e4ten begrenzt sind, bitten wir Sie um Verst\u00e4ndnis f\u00fcr einen l\u00e4ngeren Terminvorlauf.<\/p>\n","protected":false},"author":1,"featured_media":0,"parent":855,"menu_order":0,"comment_status":"closed","ping_status":"closed","template":"","meta":[],"uagb_featured_image_src":{"full":false,"thumbnail":false,"medium":false,"medium_large":false,"large":false,"1536x1536":false,"2048x2048":false},"uagb_author_info":{"display_name":"mhwalz@web.de","author_link":"https:\/\/dr-hermann-walz.de\/?author=1"},"uagb_comment_info":0,"uagb_excerpt":"Zahnreinigungen f\u00fchren wir wieder durch. Da&nbsp; unsere Kapazit\u00e4ten begrenzt sind, bitten wir Sie um Verst\u00e4ndnis f\u00fcr einen l\u00e4ngeren Terminvorlauf.","_links":{"self":[{"href":"https:\/\/dr-hermann-walz.de\/index.php?rest_route=\/wp\/v2\/pages\/2247"}],"collection":[{"href":"https:\/\/dr-hermann-walz.de\/index.php?rest_route=\/wp\/v2\/pages"}],"about":[{"href":"https:\/\/dr-hermann-walz.de\/index.php?rest_route=\/wp\/v2\/types\/page"}],"author":[{"embeddable":true,"href":"https:\/\/dr-hermann-walz.de\/index.php?rest_route=\/wp\/v2\/users\/1"}],"replies":[{"embeddable":true,"href":"https:\/\/dr-hermann-walz.de\/index.php?rest_route=%2Fwp%2Fv2%2Fcomments&post=2247"}],"version-history":[{"count":36,"href":"https:\/\/dr-hermann-walz.de\/index.php?rest_route=\/wp\/v2\/pages\/2247\/revisions"}],"predecessor-version":[{"id":2544,"href":"https:\/\/dr-hermann-walz.de\/index.php?rest_route=\/wp\/v2\/pages\/2247\/revisions\/2544"}],"up":[{"embeddable":true,"href":"https:\/\/dr-hermann-walz.de\/index.php?rest_route=\/wp\/v2\/pages\/855"}],"wp:attachment":[{"href":"https:\/\/dr-hermann-walz.de\/index.php?rest_route=%2Fwp%2Fv2%2Fmedia&parent=2247"}],"curies":[{"name":"wp","href":"https:\/\/api.w.org\/{rel}","templated":true}]}}